. Suppose 4*i - 6*i + z = 0. Is i a prime number?
False
Let i = -15 - -18. Suppose 5*f + i = 2*f. Let w(j) = -6*j + 1. Is w(f) composite?
False
Suppose -q + 12873 = -5*w - 3491, q + 3*w = 16372. Is q prime?
True
Let m = 16 + -15. Suppose 0 = -3*v + m - 16, 3*v = 3*g - 60. Let h = g - -128. Is h prime?
False
Let j = -73 + 71. Is (-2 - -3)/(j - 638/(-318)) a composite number?
True
Suppose -3*d - 2*r = -10, 2*d + 2*r + 0 = 10. Suppose d = -n + 35 + 556. Let s = n - 232. Is s a prime number?
True
Let b(g) = 12 + 24 - 10 + 21*g**2 + 2*g + 10. Is b(-5) a prime number?
False
Let t(g) be the second derivative of g**5/20 + g**4/6 + 7*g**3/6 + 5*g**2/2 + 12*g. Is t(8) a composite number?
False
Suppose 0 = 5*d - 4*g + 170 + 388, 0 = -4*d - g - 438. Let h = 377 - d. Is h a prime number?
True
Suppose 14 = 4*t - 6. Suppose 4 + 150 = 2*r + t*u, 0 = 2*r - 2*u - 182. Is r composite?
True
Let m be (-93 + -2)*-50 + 2. Suppose -2*u = -6*u + m. Suppose 6*c = -n + 3*c + 293, -4*n = 4*c - u. Is n composite?
True
Let p be (-2)/2 + 0/(-2)*1. Is p/2*(-11 + -435) a composite number?
False
Suppose 7*k - 20 = 2*k. Is 537 + k + -1 + 1 prime?
True
Suppose 7*y - 12 = 2. Let o(w) = 108*w**3 + 3*w**2 - 3*w + 1. Is o(y) a prime number?
False
Suppose x + 3*h - 256 = 0, -3*x = -8*x - 3*h + 1220. Suppose -x*w = -236*w - 2055. Is w a prime number?
False
Suppose 4*j - 8*j - 40 = 0. Let y(t) = t**3 + 9*t**2 - 9*t + 9. Let m be y(j). Is (m/3)/((-10)/5730) composite?
False
Suppose -5*w - 5*f + 60 = 0, 0 = -3*w + 3*f + 15 + 3. Let o(i) = w*i**2 + i**3 + 11*i - 4 - 3 + 3*i**2. Is o(-8) a composite number?
True
Let m(r) = 94*r - 7. Let z(l) = -47*l + 4. Let p(s) = 4*m(s) + 9*z(s). Is p(-3) a prime number?
True
Let p be ((-5)/(-15))/(1/12). Suppose -7*j + 5*a + 175 = -2*j, -a = -p. Suppose -c + 4*c - j = 0. Is c a composite number?
False
Suppose 4*d - 4*g - 4373 - 10963 = 0, g + 7672 = 2*d. Let q = -2285 + d. Is q a prime number?
True
Suppose -11*p + 925 = -6*p. Is p a prime number?
False
Suppose -509 = -5*s + 3*t, -354 = -4*s + t + 56. Let l = s - 197. Let i = l + 177. Is i a composite number?
False
Let z = -403 + 919. Let i(u) = u**2 - u - 2. Let t be i(-1). Suppose 2*k = -3*f + 782, t = 2*f + 3*k + k - z. Is f a prime number?
False
Suppose -5*y + 40 - 10 = 0. Suppose -q = -3*q + y. Is 174/q*(-12)/(-8) a prime number?
False
Suppose -20 = -4*j, 2*g + 70*j - 65*j - 128823 = 0. Is g composite?
False
Suppose -4*i = 5*z - 3513, 3*i - 3225 = -5*z - 589. Is i prime?
True
Suppose 0 = o - 0 - 3. Let z be -6 + o + (-6)/(-2). Suppose 4*s + 2*v - 7*v - 999 = z, -4*v - 498 = -2*s. Is s composite?
False
Let b(d) = 4*d**3 + d**2 - 3*d - 552. Let r(o) = 3*o**3 + o**2 - 2*o - 553. Let k(t) = 4*b(t) - 5*r(t). Is k(0) a prime number?
True
Let o(g) = -11*g**3 + 3*g**2 + 2*g - 1. Suppose 56 + 16 = 4*b. Let t = 15 - b. Is o(t) a composite number?
False
Let o be 130/30 - (-1)/(-3). Suppose o*l - 358 = 2*l. Is l prime?
True
Suppose 38*x = -26*x + 5993920. Is x a composite number?
True
Suppose 0 = -i + 5*y + 30015 + 3800, -3*i + 101419 = -2*y. Is i a prime number?
False
Let k(f) = -3*f**3 - 2*f**2 + 5*f - 13. Let i be k(-6). Let j = i + 236. Is j prime?
True
Suppose -10*r + 16*r - 127554 = 0. Is r prime?
False
Let x = 6711 - 2510. Is x composite?
False
Let v(y) = -1086*y - 149. Is v(-15) a prime number?
True
Suppose 0 = 3*d + 9, -5*d = l - 9665 + 523. Is l a prime number?
True
Let m(z) = 24*z**2 - 10*z + 6. Let r be m(8). Suppose -6 + 0 = 2*j, 5*l + r = j. Let c = -198 - l. Is c a prime number?
False
Let j(x) = -x**3 - 4*x**2 - 15*x - 2. Is j(-13) composite?
True
Let f(v) = 170*v**2 + 2*v - 2. Let h be f(-4). Let u = h + -1604. Suppose u = 3*j - 1561. Is j a composite number?
True
Suppose -d = -7*d + 12600. Suppose -4*h + 5248 - d = 0. Is h a prime number?
True
Let o be (1/(-2) - 1)*(-224)/84. Suppose 7785 = 5*m - 5*p, m - 3*m + 3138 = o*p. Is m a composite number?
True
Suppose g = 7036 + 9835. Is g a composite number?
False
Suppose 0 = 4*c - 111 - 4033. Suppose 3*b - c = 3359. Is b a prime number?
False
Suppose 0 = -2*i + q + 4, -5*i + 0*i - 2*q + 28 = 0. Suppose 5 = 5*a - i*a. Suppose -a - 9 = -k. Is k prime?
False
Let b(t) = 261*t**2 - 4*t + 6. Suppose 3*u = 3*v, 0 = -2*u + 3*v - 2 - 0. Is b(u) prime?
False
Let p = -972 - 1530. Let v = -1243 - p. Is v composite?
False
Let u(f) = -1433*f - 117. Is u(-14) prime?
False
Let j(f) = f**3 - 5*f**2 + f - 2. Let q be j(5). Let u be (q - 9)/((-6)/(-3)). Is 3/(12/488) + u composite?
True
Let n = 13 + -17. Is (-4*633)/n - (1 - -1) a prime number?
True
Let l(n) = -n**3 + 22*n**2 - 20*n - 19. Let y be l(21). Is ((-6052)/(-8) - 4) + (-3)/y a composite number?
False
Is 52572/14 - 1/7 composite?
True
Suppose 4*w = -2*n, -3*w = -4*n - n + 26. Let g(a) be the first derivative of 3*a**4/2 - 5*a**3/3 - 9*a + 173. Is g(n) a prime number?
False
Let q be 2/(-10) - 7878/(-15). Suppose -z - j = -3*j - 267, -2*z + q = 5*j. Is z a prime number?
False
Let m(y) = -105*y - 44. Is m(-9) a composite number?
True
Suppose 4*i = -4*s - 4, 0 = -4*s - i - 4*i - 5. Suppose 4*x - 5*o = -8 - 6, s = -5*x - 4*o + 3. Let z(t) = 128*t**2 - 1. Is z(x) composite?
False
Let j = 316 - 85. Let w = j + -134. Is w a composite number?
False
Let f = -15 + 13. Let u be (f - 1)*12/9. Is -7 + (0 - u) - -292 prime?
False
Let a = 8 - -18. Let p be (-1 - 2 - 1) + a. Is (-5525)/(-7) + p/(-77) composite?
True
Let v be -6 + 4 + -10 - -4. Let d be (-17372)/(-16) - (-6)/v. Suppose 0 = 3*n - 2*c - d, 4*n + 3*c = -2*c + 1485. Is n composite?
True
Suppose 3*z = -w + 444, 0 = w - 6*w - 5*z + 2180. Let b = w + -245. Is b composite?
True
Let i(z) = 196*z**2 - 2*z - 17. Is i(-3) prime?
True
Let q be 2 - 5/((-10)/(-8)). Let u = 5 + q. Suppose 0*c = -c - u*g + 77, 4*c - 360 = g. Is c a composite number?
False
Suppose 0 = 5*x - 25, 0 = 3*m - 2*x + 7*x - 9664. Suppose -7*i + 12810 = m. Suppose 3*h + 4*o - 749 = 0, -5*h = -o - i + 138. Is h a prime number?
False
Suppose -2*o + 3166 = -0*o + 2*f, -5*o - 2*f = -7921. Is o a prime number?
False
Let a = -707 + 6040. Is a a prime number?
True
Suppose -555017 = -q - 40*q. Is q a composite number?
False
Let r(a) = 418*a + 2. Let o(j) = 209*j + 1. Let v(t) = -7*o(t) + 3*r(t). Let z be v(3). Is 0 - (-4 - z/(-4)) prime?
False
Let s = 24417 + -7546. Is s a prime number?
True
Suppose t + 4*v - 20 = -3*t, -65 = -4*t + 5*v. Suppose 36 = -t*g + 14*g. Is 13*g - (-8 + 10) composite?
True
Suppose 2*t = -2*d + 386, 4*d + 5*t = 824 - 50. Is d composite?
False
Let c = -23 - -81. Is c composite?
True
Let o be 204/(-8)*(-64)/3 + -1. Let d = 1202 - o. Is d a prime number?
True
Let i = -23 - -58. Let v = -35 + i. Suppose 5*x = -k + 1540 + 137, -3*x + k + 1003 = v. Is x prime?
False
Suppose 3*j + 3416 = 10*j. Suppose -j - 5922 = -2*b - 4*m, 5*b = -2*m + 16017. Is b a prime number?
True
Let u(r) = -r**2 - 11*r + 6. Let d be u(-12). Is (d/(-4))/(9/26646) a composite number?
False
Suppose r - 27 + 5 = 0. Let z = -19 + r. Suppose 0 = -z*b + 429 + 102. Is b a composite number?
True
Let f be (-22 + 0)/2 + 1. Let d = f + -75. Let u = d - -120. Is u prime?
False
Suppose 3*k = -2*k - 4*b + 22678, 0 = -5*b + 10. Is k a composite number?
True
Suppose -1253 = 3*g - 4*g + 3*s, 0 = s - 2. Is g a prime number?
True
Let l(h) = h + 6. Let z be l(-6). Suppose 5*c - 3*c - 36 = z. Is (1146/c)/(2/6) a composite number?
False
Let c(j) = 3*j**2 - 300*j - 167. Is c(-74) prime?
True
Suppose 0 = 3*h - 0*h. Suppose 4 = -h*p + p. Suppose -58 = p*x - 686. Is x a composite number?
False
Let l(b) = 2795*b**2 + 3*b + 2. Let c be l(1). Suppose u - a - 2782 = 0, u + 3*a = -2*a + c. Is u composite?
True
Let j = 123 - 123. Suppose -s - 5 = j, 4*g + 3*s - 6*s = 4475. Is g a prime number?
False
Suppose 3*n = -4*y + 14, 2*n + 30 - 1 = 5*y. Suppose y*j = -b + 31, 0*b = 5*b - 5*j - 5. Is (4/6)/(b/279) prime?
True
Let v(a) = 58*a**3 - a**2 + 11*a + 1. Let w(o) = 115*o**3 - 2*o**2 + 21*o + 2. Let d(x) = -7*v(x) + 4*w(x). Is d(3) composite?
False
Suppose 4*w = -18 + 2, -2*x - 3*w = 76. Let a = x - -33. Is ((-12)/8 + a)*-446 prime?
True
Suppose -4*t + t = 12. Let i be 41 - (t + 5 + -2). Is 3/(-2)*(-1484)/i composite?
False
Let v = 670 + -662. Let a(c) = -c - 1. Let b(w) = w + 3. Let i(k) = -5*a(k) - b(k). Is i(v) a prime number?
False
Suppose o + 4*